{"id":2127,"date":"2022-09-22T17:16:14","date_gmt":"2022-09-22T17:16:14","guid":{"rendered":"https:\/\/flhomecare.wpengine.com\/home-healthcare-jacksonville\/?page_id=2127"},"modified":"2022-09-22T17:16:14","modified_gmt":"2022-09-22T17:16:14","slug":"non-discrimination-policy","status":"publish","type":"page","link":"https:\/\/www.firstlighthomecare.com\/home-healthcare-jacksonville\/non-discrimination-policy\/","title":{"rendered":"Non-Discrimination Policy"},"content":{"rendered":"<h6>Notice of Nondiscrimination<\/h6>\n<p>FirstLight Home Care of Guilford County complies with applicable Federal civil rights laws and does not discriminate on the basis of race, color, national origin, age, disability, or sex, sexual orientation, gender identity or expression. FirstLight Home Care of Guilford County does not exclude people or treat them differently because of race, color, national origin, age, disability, or sex, sexual orientation, gender identity or expression.<br \/>\nThis statement is in accordance with the provisions of Title VI of the Civil Rights Act of 1964, Section 504 of the Rehabilitation Act of 1973, the Age Discrimination Act of 1975, and Regulations of the U.S. Department of Health and Human Services issued pursuant to these statutes at Title 45 Code of Federal Regulations Parts 80, 84, and 91.<\/p>\n<p>If you have questions, please contact:<\/p>\n<p data-ctm-watch-id=\"35\" data-ctm-tracked=\"1\" data-observe=\"1\" data-observer-id=\"17\" data-ctm-remark=\"2\">FirstLight Home Care of Guilford County<br \/>\nCivil Rights Coordinator<br \/>\nTelephone number: 336-652-3522<br \/>\nTDD\/TTY or State Relay number: 800-735-2962 (TTY) or 800-735-8262 (voice)<\/p>\n<p>FirstLight Home Care of Guilford County:<\/p>\n<p>Provides free aids and services to people with disabilities to communicate effectively with us, such as:<\/p>\n<ol>\n<li>Qualified sign language interpreters<\/li>\n<li>Written information in other formats (large print, audio, accessible electronic formats, other formats)<\/li>\n<li>Provides free language services to people whose primary language is not English, such as:<\/li>\n<li>Qualified interpreters<\/li>\n<li>Information written in other languages<\/li>\n<\/ol>\n<p data-ctm-watch-id=\"33\" data-ctm-tracked=\"1\" data-observe=\"1\" data-observer-id=\"16\" data-ctm-remark=\"2\">If you need these services, contact our Civil Rights Coordinator at (336) 652-3522<\/p>\n<p>If you believe that FirstLight Home Care of Guilford County has failed to provide these services or discriminated in another way on the basis of race, color, national origin, age, disability, sex, sexual orientation, gender identity or expression you can file a grievance with:<\/p>\n<p data-ctm-watch-id=\"31\" data-ctm-tracked=\"1\" data-observe=\"1\" data-observer-id=\"15\" data-ctm-remark=\"2\">Civil Rights Coordinator<br \/>\nFirstLight Home Care of Guilford County<br \/>\n308 Pomona Drive, Suite JKL<br \/>\nGreensboro, NC 27407<br \/>\nPhone: 336-652-3522<br \/>\nFax: 336-808-1458<br \/>\nEmail: tglenn@firstlighthomecare.com<\/p>\n<p>You can file a grievance in person or by mail, fax, or email. If you need help filing a grievance, our Civil Rights Coordinator is available to help you.<\/p>\n<p>You can also file a civil rights complaint with<br \/>\nU.S. Department of Health and Human Services, Office for Civil Rights, electronically through the Office for Civil Rights Complaint Portal, available at https:\/\/ocrportal.hhs.gov\/ocr\/portal\/lobby.jsf, or by mail:<\/p>\n<p>U.S. Department of Health and Human Services<br \/>\n200 Independence Avenue<br \/>\nSW Room 509F, HHH Building<br \/>\nWashington, D.C. 20201<br \/>\nPhone: 1-800-368-1019, 800-537-7697 (TDD)<br \/>\nComplaint forms are available at http:\/\/www.hhs.gov\/ocr\/office\/file\/index.html<\/p>\n<p>Language assistance services, free of charge, are available to you.<\/p>\n<p><strong>Language Assistance<\/strong><em data-ctm-watch-id=\"29\" data-ctm-tracked=\"1\" data-observe=\"1\" data-observer-id=\"14\" data-ctm-remark=\"2\"><br \/>\n<strong>Espa\u00f1ol<\/strong><br \/>\nAtenci\u00f3n: Si habla un idioma distinto al ingl\u00e9s, los servicios de asistencia ling\u00fc\u00edstica, gratuitos, est\u00e1n a su disposici\u00f3n. Llame al 336-652-3522<\/em><\/p>\n<p data-ctm-watch-id=\"27\" data-ctm-tracked=\"1\" data-observe=\"1\" data-observer-id=\"13\" data-ctm-remark=\"2\"><strong>\u7e41\u9ad4\u4e2d\u6587<\/strong><br \/>\n\u6ce8\u610f\uff1a\u5982\u679c\u60a8\u4f7f\u7528\u82f1\u8bed\u4ee5\u5916\u7684\u8bed\u8a00\uff0c\u5219\u514d\u8d39\u63d0\u4f9b\u8bed\u8a00\u534f\u52a9\u670d\u52a1\u3002\u81f4\u7535 336-652-3522<\/p>\n<p data-ctm-watch-id=\"25\" data-ctm-tracked=\"1\" data-observe=\"1\" data-observer-id=\"12\" data-ctm-remark=\"2\"><strong>Ti\u1ebfng Vi\u1ec7t<\/strong><br \/>\nCh\u00fa \u00fd: N\u1ebfu b\u1ea1n n\u00f3i m\u1ed9t ng\u00f4n ng\u1eef kh\u00e1c ngo\u00e0i ti\u1ebfng Anh, c\u00e1c d\u1ecbch v\u1ee5 h\u1ed7 tr\u1ee3 ng\u00f4n ng\u1eef, mi\u1ec5n ph\u00ed, c\u00f3 s\u1eb5n cho b\u1ea1n. G\u1ecdi 336-652-3522<\/p>\n<p data-ctm-watch-id=\"23\" data-ctm-tracked=\"1\" data-observe=\"1\" data-observer-id=\"11\" data-ctm-remark=\"2\"><strong>\ud55c\uad6d\uc5b4<\/strong><br \/>\n\uc8fc\uc758 : \ub2f9\uc2e0\uc774 \uc601\uc5b4 \uc774\uc678\uc758 \uc5b8\uc5b4\ub97c \uc0ac\uc6a9\ud558\ub294 \uacbd\uc6b0, \ubb34\ub8cc \uc5b8\uc5b4 \uc9c0\uc6d0 \uc11c\ube44\uc2a4, \ub2f9\uc2e0\uc5d0\uac8c \uc0ac\uc6a9\ud560 \uc218 \uc788\uc2b5\ub2c8\ub2e4. \uc804\ud654 336-652-3522<\/p>\n<p data-ctm-watch-id=\"21\" data-ctm-tracked=\"1\" data-observe=\"1\" data-observer-id=\"10\" data-ctm-remark=\"2\"><strong>Fran\u00e7ais<\/strong><br \/>\nAttention: si vous parlez une langue autre que l\u2019anglais, des services d\u2019assistance linguistique, gratuits, sont \u00e0 votre disposition. Composez le 336-652-3522<\/p>\n<p data-ctm-watch-id=\"19\" data-ctm-tracked=\"1\" data-observe=\"1\" data-observer-id=\"9\" data-ctm-remark=\"2\"><strong>\u0627\u0644\u0639\u0631\u0628\u064a\u0629<\/strong><br \/>\n\u0627\u0646\u062a\u0628\u0627\u0647: \u0625\u0630\u0627 \u0643\u0646\u062a \u062a\u062a\u062d\u062f\u062b \u0644\u063a\u0629 \u0623\u062e\u0631\u0649 \u063a\u064a\u0631 \u0627\u0644\u0625\u0646\u062c\u0644\u064a\u0632\u064a\u0629\u060c \u0648\u0627\u0644\u062e\u062f\u0645\u0627\u062a \u0627\u0644\u0645\u0633\u0627\u0639\u062f\u0629 \u0627\u0644\u0644\u063a\u0648\u064a\u0629\u060c \u0645\u062c\u0627\u0646\u0627\u060c \u0643\u0645\u0627 \u062a\u062a\u0648\u0641\u0631 \u0644\u0643. \u062f\u0639\u0648\u0629 336-652-3522<\/p>\n<p data-ctm-watch-id=\"17\" data-ctm-tracked=\"1\" data-observe=\"1\" data-observer-id=\"8\" data-ctm-remark=\"2\"><strong>Hmoob<\/strong><br \/>\nYog hais tias koj hais lwm hom lus dua li lus Askiv, lus pab cov kev pab cuam, pub dawb, yog muaj rau koj. Hu rau 336-652-3522<\/p>\n<p data-ctm-watch-id=\"15\" data-ctm-tracked=\"1\" data-observe=\"1\" data-observer-id=\"7\" data-ctm-remark=\"2\"><strong>\u0420\u0443\u0441\u0441\u043a\u0438\u0439<\/strong><br \/>\n\u0412\u043d\u0438\u043c\u0430\u043d\u0438\u0435: \u0415\u0441\u043b\u0438 \u0432\u044b \u0433\u043e\u0432\u043e\u0440\u0438\u0442\u0435 \u043d\u0430 \u0434\u0440\u0443\u0433\u043e\u043c \u044f\u0437\u044b\u043a\u0435, \u043a\u0440\u043e\u043c\u0435 \u0430\u043d\u0433\u043b\u0438\u0439\u0441\u043a\u043e\u0433\u043e, \u043f\u0435\u0440\u0435\u0432\u043e\u0434\u0447\u0435\u0441\u043a\u0438\u0435 \u0443\u0441\u043b\u0443\u0433\u0438, \u0431\u0435\u0441\u043f\u043b\u0430\u0442\u043d\u043e, \u0434\u043e\u0441\u0442\u0443\u043f\u043d\u044b \u0434\u043b\u044f \u0432\u0430\u0441. \u0417\u0432\u043e\u043d\u0438\u0442\u0435 336-652-3522<\/p>\n<p data-ctm-watch-id=\"13\" data-ctm-tracked=\"1\" data-observe=\"1\" data-observer-id=\"6\" data-ctm-remark=\"2\"><strong>Tagalog<\/strong><br \/>\nKung nagsasalita ka ng isang wika maliban sa Ingles, wika serbisyo ng tulong, nang walang bayad, ay magagamit sa iyo. Tumawag 336-652-3522<\/p>\n<p data-ctm-watch-id=\"11\" data-ctm-tracked=\"1\" data-observe=\"1\" data-observer-id=\"5\" data-ctm-remark=\"2\"><strong>\u0a97\u0ac1\u0a9c\u0ab0\u0abe\u0aa4\u0ac0<\/strong><br \/>\n\u0aa7\u0acd\u0aaf\u0abe\u0aa8: \u0aa4\u0aae\u0ac7 \u0a87\u0a82\u0a97\u0ab2\u0abf\u0ab6 \u0a95\u0ab0\u0aa4\u0abe\u0a82 \u0a85\u0aa8\u0acd\u0aaf \u0aad\u0abe\u0ab7\u0abe \u0aac\u0acb\u0ab2\u0ac7 \u0a9b\u0ac7, \u0aa4\u0acb \u0aad\u0abe\u0ab7\u0abe \u0ab8\u0ab9\u0abe\u0aaf \u0ab8\u0ac7\u0ab5\u0abe\u0a93, \u0aae\u0aab\u0aa4, \u0aa4\u0aae\u0abe\u0ab0\u0abe \u0aae\u0abe\u0a9f\u0ac7 \u0a89\u0aaa\u0ab2\u0aac\u0acd\u0aa7 \u0a9b\u0ac7. \u0a95\u0ac9\u0ab2 \u0a95\u0ab0\u0acb 336-652-3522<\/p>\n<p data-ctm-watch-id=\"9\" data-ctm-tracked=\"1\" data-observe=\"1\" data-observer-id=\"4\" data-ctm-remark=\"2\"><strong>\u1781\u17d2\u1798\u17c2\u179a<\/strong><br \/>\n\u1794\u17d2\u179a\u179f\u17b7\u1793\u1794\u17be\u17a2\u17d2\u1793\u1780\u1793\u17b7\u1799\u17b6\u1799\u1797\u17b6\u179f\u17b6\u1795\u17d2\u179f\u17c1\u1784\u1780\u17d2\u179a\u17c5\u1796\u17b8\u17a2\u1784\u17cb\u1782\u17d2\u179b\u17c1\u179f, \u179f\u17c1\u179c\u17b6\u1787\u17c6\u1793\u17bd\u1799\u1797\u17b6\u179f\u17b6\u178a\u17c4\u1799\u17a5\u178f\u1782\u17b7\u178f\u1790\u17d2\u179b\u17c3, \u178a\u17c2\u179b\u17a2\u17b6\u1785\u179a\u1780\u1794\u17b6\u1793\u178a\u17be\u1798\u17d2\u1794\u17b8\u17b1\u17d2\u1799\u17a2\u17d2\u1793\u1780 336-652-3522<\/p>\n<p><strong>Deutsch<\/strong><\/p>\n<p data-ctm-watch-id=\"7\" data-ctm-tracked=\"1\" data-observe=\"1\" data-observer-id=\"3\" data-ctm-remark=\"2\">Achtung: Wenn Sie eine andere Sprache als Englisch sprechen, stehen Ihnen Sprachassistenzdienste kostenfrei zur Verf\u00fcgung. Rufen Sie 336-652-3522<\/p>\n<p data-ctm-watch-id=\"5\" data-ctm-tracked=\"1\" data-observe=\"1\" data-observer-id=\"2\" data-ctm-remark=\"2\">\u0939\u093f\u0902\u0926\u0940<br \/>\n\u0927\u094d\u092f\u093e\u0928 \u0926\u0947\u0902: \u0906\u092a \u0905\u0902\u0917\u094d\u0930\u0947\u091c\u0940 \u0915\u0947 \u0905\u0932\u093e\u0935\u093e \u0905\u0928\u094d\u092f \u092d\u093e\u0937\u093e \u092c\u094b\u0932\u0924\u0947 \u0939\u0948\u0902, \u0924\u094b \u092d\u093e\u0937\u093e \u0938\u0939\u093e\u092f\u0924\u093e \u0938\u0947\u0935\u093e\u0913\u0902, \u0928\u093f: \u0936\u0941\u0932\u094d\u0915, \u0906\u092a \u0915\u0947 \u0932\u093f\u090f \u0909\u092a\u0932\u092c\u094d\u0927 \u0939\u0948\u0902\u0964 \u0915\u0949\u0932 336-652-3522<\/p>\n<p><strong>\u0e9e\u0eb2\u0eaa\u0eb2\u0ea5\u0eb2\u0ea7<\/strong><\/p>\n<p data-ctm-watch-id=\"3\" data-ctm-tracked=\"1\" data-observe=\"1\" data-observer-id=\"1\" data-ctm-remark=\"2\">\u0ec0\u0ead\u0ebb\u0eb2\u0ec3\u0e88\u0ec3\u0eaa\u0ec8: \u0e96\u0ec9\u0eb2\u0eab\u0eb2\u0e81\u0ea7\u0ec8\u0eb2\u0e97\u0ec8\u0eb2\u0e99\u0ec0\u0ea7\u0ebb\u0ec9\u0eb2\u0e9e\u0eb2\u0eaa\u0eb2\u0ead\u0eb7\u0ec8\u0e99\u0e81\u0ec8\u0ea7\u0eb2\u0e9e\u0eb2\u0eaa\u0eb2\u0ead\u0eb1\u0e87\u0e81\u0eb4\u0e94, \u0e81\u0eb2\u0e99\u0e9a\u0ecd\u0ea5\u0eb4\u0e81\u0eb2\u0e99\u0e81\u0eb2\u0e99\u0e8a\u0ec8\u0ea7\u0e8d\u0ec0\u0eab\u0ebc\u0eb7\u0ead\u0e9e\u0eb2\u0eaa\u0eb2, \u0ec0\u0eaa\u0e8d\u0e84\u0ec8\u0eb2\u0ec3\u0e8a\u0ec9\u0e88\u0ec8\u0eb2\u0e8d, \u0ec1\u0ea1\u0ec8\u0e99\u0ea1\u0eb5\u0ec3\u0eab\u0ec9\u0ec0\u0e9e\u0eb7\u0ec8\u0ead\u0e97\u0ec8\u0eb2\u0e99. \u0ec2\u0e97\u0eab\u0eb2 336-652-3522<\/p>\n<p><strong>\u65e5\u672c\u8a9e<\/strong><\/p>\n<p data-ctm-watch-id=\"1\" data-ctm-tracked=\"1\" data-observe=\"1\" data-observer-id=\"0\" data-ctm-remark=\"2\">\u6ce8\u610f\uff1a\u3042\u306a\u305f\u304c\u82f1\u8a9e\u4ee5\u5916\u306e\u8a00\u8a9e\u3092\u8a71\u3059\u5834\u5408\u306f\u3001\u7121\u511f\u3067\u8a00\u8a9e\u652f\u63f4\u30b5\u30fc\u30d3\u30b9\u3067\u306f\u3001\u304a\u5ba2\u69d8\u306b\u3054\u5229\u7528\u3044\u305f\u3060\u3051\u307e\u3059\u3002\u30b3\u30fc\u30eb 336-652-3522<\/p>\n","protected":false},"excerpt":{"rendered":"<p>Notice of Nondiscrimination FirstLight Home Care of Guilford County complies with applicable Federal civil rights laws and does not discriminate on the basis of race, color, national origin, age, disability, or sex, sexual orientation, gender identity or expression. FirstLight Home Care of Guilford County does not exclude people or treat&#8230;<\/p>\n","protected":false},"author":2,"featured_media":0,"parent":0,"menu_order":0,"comment_status":"closed","ping_status":"closed","template":"","meta":{"_acf_changed":false,"footnotes":""},"class_list":["post-2127","page","type-page","status-publish","hentry"],"acf":[],"_links":{"self":[{"href":"https:\/\/www.firstlighthomecare.com\/home-healthcare-jacksonville\/wp-json\/wp\/v2\/pages\/2127","targetHints":{"allow":["GET"]}}],"collection":[{"href":"https:\/\/www.firstlighthomecare.com\/home-healthcare-jacksonville\/wp-json\/wp\/v2\/pages"}],"about":[{"href":"https:\/\/www.firstlighthomecare.com\/home-healthcare-jacksonville\/wp-json\/wp\/v2\/types\/page"}],"author":[{"embeddable":true,"href":"https:\/\/www.firstlighthomecare.com\/home-healthcare-jacksonville\/wp-json\/wp\/v2\/users\/2"}],"replies":[{"embeddable":true,"href":"https:\/\/www.firstlighthomecare.com\/home-healthcare-jacksonville\/wp-json\/wp\/v2\/comments?post=2127"}],"version-history":[{"count":0,"href":"https:\/\/www.firstlighthomecare.com\/home-healthcare-jacksonville\/wp-json\/wp\/v2\/pages\/2127\/revisions"}],"wp:attachment":[{"href":"https:\/\/www.firstlighthomecare.com\/home-healthcare-jacksonville\/wp-json\/wp\/v2\/media?parent=2127"}],"curies":[{"name":"wp","href":"https:\/\/api.w.org\/{rel}","templated":true}]}}